ive f(-6).
19
Let t(f) = -74*f + 1375. Determine t(20).
-105
Let n(a) = 45*a**3 + 48*a - 99. Calculate n(2).
357
Let z(u) = -5*u**3 + 533*u**2 + 212*u + 411. Give z(107).
197
Let p(x) = -8993*x + 8937. Determine p(1).
-56
Let z(q) = q**3 + 19*q**2 - 111*q - 22. Give z(11).
2387
Let l(k) = -2*k**3 - 47*k**2 - 184*k - 1867. Determine l(-19).
-1620
Let j(z) = -2234*z**2 - 1778262*z + 1577. Give j(-796).
-15
Let g(q) = -45918*q + 2020403. Determine g(44).
11
Let f(t) = t**2 + 10302*t - 434444. Calculate f(42).
4
Let d(l) = 16*l**2 - 193*l + 48. Determine d(5).
-517
Let n(c) = -12724*c + 190786. Calculate n(15).
-74
Let w(b) = -11128*b + 66998. What is w(6)?
230
Let n(u) = -1136*u - 6182. Calculate n(-5).
-502
Let z(a) = -90*a**2 + 16*a + 70. Give z(2).
-258
Let j(o) = -285994*o - 857980. Determine j(-3).
2
Let q(g) = 77*g + 51574. Determine q(-670).
-16
Let l(p) = 349*p - 29985. Give l(86).
29
Let y(f) = f**3 - 14*f**2 - 2432*f - 3326. What is y(-42)?
34
Let t(w) = -9*w**3 - 75*w**2 + 420*w + 3427. Calculate t(-8).
-125
Let l(t) = 67486*t - 134883. What is l(2)?
89
Let y(i) = 47554*i - 142661. What is y(3)?
1
Let u(w) = w**3 - 1054*w**2 + 14561*w - 28. Give u(14).
-14
Let t(q) = 26*q + 1012. Calculate t(-26).
336
Let f(n) = -37551*n + 563275. Determine f(15).
10
Let r(s) = -119*s**3 - 2*s**2 - 7*s - 8. Calculate r(0).
-8
Let l(f) = -90018*f - 630085. Determine l(-7).
41
Let v(w) = 34*w**2 + 1555*w + 10921. Determine v(-7).
1702
Let p(l) = -3509*l**2 + 38631*l + 19. Determine p(11).
371
Let m(g) = 101*g**2 - 357*g - 324. What is m(6)?
1170
Let i(a) = 2*a**3 - 109*a**2 + 273*a - 649. Give i(52).
27
Let p(k) = 33*k**3 + 794*k**2 + 191*k + 3415. What is p(-24)?
-17
Let b(d) = 5*d**2 + 288*d - 437. Give b(-50).
-2337
Let r(p) = -645*p - 1500. What is r(9)?
-7305
Let t(u) = -u**2 - 29700*u + 27666011. Give t(904).
-5
Let s(q) = -q**3 + 14*q**2 - 44*q + 562. What is s(9)?
571
Let t(w) = -w**3 - 8*w**2 - 8*w - 235. Give t(-6).
-259
Let b(z) = -546*z**2 - 2*z + 5. Give b(-1).
-539
Let m(p) = -605*p + 65319. Determine m(108).
-21
Let z(s) = 151*s**2 - 20465*s - 106109. Calculate z(-5).
-9
Let m(o) = -4*o**3 - 28*o**2 + 118*o + 18. Give m(-10).
38
Let j(y) = 8123*y + 7335055. What is j(-903)?
-14
Let w(q) = -2*q**2 + 873*q - 51505. What is w(70)?
-195
Let z(v) = -168*v - 19262. What is z(-122)?
1234
Let j(l) = 7*l**3 + 1763*l**2 - 476*l - 56454. Calculate j(-252).
-6
Let v(l) = l**3 - 141*l**2 + 2807*l + 128. Give v(117).
11
Let y(n) = 5*n**3 + 1583*n**2 - 28371*n + 258. Determine y(17).
3
Let l(b) = -b**3 + 5*b**2 + 38522*b - 231095. What is l(6)?
1
Let b(r) = 3237*r - 35600. Give b(11).
7
Let a(x) = 2*x**3 + 184*x**2 - 1191*x - 1512. Determine a(-98).
-42
Let x(n) = 7033*n + 3842. Determine x(-1).
-3191
Let w(q) = -q**2 + 258*q - 13885. What is w(77)?
52
Let q(g) = 216*g**3 - 1148*g**2 + 337*g + 16. Calculate q(5).
1
Let v(c) = 3*c**2 - 194*c + 1307. Give v(7).
96
Let f(w) = -28953*w + 57899. Give f(2).
-7
Let a(o) = 947*o + 124977. Give a(-132).
-27
Let z(u) = 72*u**3 - 7*u**2 + 6. Give z(-1).
-73
Let z(k) = 680*k + 19028. Give z(-28).
-12
Let s(w) = -6337*w - 8947842. Give s(-1412).
2
Let z(y) = 2250*y - 65286. Give z(29).
-36
Let t(n) = -n**3 + 198*n**2 + 19100*n + 22. Give t(-71).
-49
Let p(j) = -13896*j - 85088. Determine p(-6).
-1712
Let p(g) = -398683*g - 5182890. What is p(-13)?
-11
Let y(b) = -b**2 + 5345*b - 4189016. Calculate y(954).
-2
Let m(a) = 2*a**3 + 8*a**2 - 1798*a + 116. Give m(28).
-52
Let g(y) = 17*y**2 - 3753*y + 350. Determine g(221).
1234
Let q(c) = 1337*c + 6025. What is q(-6)?
-1997
Let u(c) = -4*c**2 + 273*c - 2873. Give u(41).
1596
Let n(f) = -2*f**3 - 20*f**2 - 3835*f - 38449. Determine n(-10).
-99
Let n(h) = -10*h**3 + 3589*h**2 - 331*h + 247698. Calculate n(359).
-12
Let f(y) = 83*y - 32231. Calculate f(390).
139
Let m(u) = 432*u - 10372. What is m(25)?
428
Let z(k) = -2*k**3 - 16*k**2 + 904*k + 4665. Calculate z(-5).
-5
Let f(g) = -88926*g + 1067114. What is f(12)?
2
Let g(d) = 415933*d - 2079660. What is g(5)?
5
Let h(a) = -2*a**2 - 723*a - 56709. Determine h(-115).
-14
Let l(s) = -s**3 - 8*s**2 + 78*s + 39. Determine l(6).
3
Let r(f) = 604*f**3 + 15*f**2 - 106*f + 90. Give r(1).
603
Let f(q) = 3724*q + 55829. Determine f(-15).
-31
Let l(k) = 56*k**3 + 448*k**2 - 18*k - 47. Give l(-8).
97
Let j(s) = 22*s**3 + 791*s**2 - 40*s + 20. Calculate j(-36).
164
Let b(j) = 3336*j - 10151. Give b(3).
-143
Let w(q) = -7392*q + 66453. Give w(9).
-75
Let p(g) = -g**2 + 108*g + 1812. Calculate p(-27).
-1833
Let q(b) = -b**3 + 3602*b - 58975. Calculate q(18).
29
Let x(i) = 14*i**2 - 4995*i - 833. Give x(357).
238
Let b(c) = -31885*c - 701469. Give b(-22).
1
Let i(s) = -230*s + 22. What is i(0)?
22
Let q(v) = -41*v**3 - v**2 - 23*v - 21. Determine q(-1).
42
Let m(l) = -12*l**3 + 233*l**2 - 79*l - 33. Calculate m(19).
271
Let o(g) = 19522*g + 253773. What is o(-13)?
-13
Let k(q) = 29740*q - 89700. Calculate k(3).
-480
Let n(j) = -j**3 + 1048*j**2 + 174325*j + 145. Determine n(-146).
-1
Let n(b) = 4*b**2 - 17085*b - 171243. Determine n(-10).
7
Let c(o) = -1319*o + 557945. Give c(423).
8
Let s(m) = 2*m**2 + 1357*m - 93423. Calculate s(63).
6
Let q(u) = -7*u**2 - 614*u - 7084. Determine q(-74).
20
Let y(x) = x**3 - 57*x**2 + 680*x + 1032. What is y(36)?
-1704
Let m(h) = 11*h**3 - 406*h**2 - 11*h - 137. Calculate m(37).
825
Let n(g) = -2*g**2 - g + 5741. Calculate n(53).
70
Let l(r) = 137964*r - 137960. Determine l(1).
4
Let b(p) = -358*p + 20048. Calculate b(56).
0
Let c(p) = -p**2 - 1810*p + 499126. Determine c(243).
247
Let q(u) = -u**3 - 30*u**2 - 4201*u - 141899. Give q(-33).
1
Let p(h) = -304*h**2 - 42*h - 19. Give p(-2).
-1151
Let q(p) = p**3 + 1143*p**2 + 21344*p - 13482. Calculate q(-1124).
6
Let x(j) = -2*j**3 - 128*j**2 - 234*j + 881. Give x(-62).
13
Let x(o) = 2*o**3 - 9*o**2 - 143*o - 288. What is x(12)?
156
Let u(q) = 13*q**2 + 62*q + 547. Determine u(-10).
1227
Let c(o) = -31*o**2 - 3763*o - 255. Calculate c(-122).
-2573
Let f(w) = -w**3 + 29*w**2 - 91*w + 892. What is f(27)?
-107
Let c(m) = -m**2 - 71*m + 9437. Give c(68).
-15
Let z(v) = 91*v**2 + 1071*v + 14. Determine z(-12).
266
Let x(d) = -106897*d - 106855. Calculate x(-1).
42
Let k(p) = -5*p**3 + 54*p**2 - 76*p + 955. What is k(11)?
-2
Let r(y) = -4*y**3 - 320*y**2 - 5015*y - 3487. Give r(-59).
-6
Let b(z) = -590*z + 2142. Determine b(4).
-218
Let s(g) = -737*g + 114098. Calculate s(155).
-137
Let s(a) = -a**3 + 448*a**2 - 909*a + 7555. Calculate s(446).
-27
Let r(v) = -7*v**2 - 1934*v + 13636. Give r(7).
-245
Let s(l) = l**3 + 109*l**2 + 4167*l + 454205. What is s(-109)?
2
Let t(m) = 8*m**3 - 17*m**2 - 4. What is t(2)?
-8
Let i(s) = 3*s**2 - 87988*s - 792123. Determine i(-9).
12
Let p(j) = -j**3 - 4*j**2 + 28*j + 206. Calculate p(-8).
238
Let d(r) = -4*r**3 - 371*r**2 + 71*r - 2098. Give d(-93).
-52
Let v(b) = 159*b + 2194. What is v(9)?
3625
Let g(n) = n**3 + 31*n**2 - 555*n - 55. Calculate g(19).
7450
Let x(q) = -11*q**2 - 29*q + 473. Determine x(5).
53
Let a(y) = -y**3 - 106*y**2 - 50*y - 24. Determine a(0).
-24
Let u(p) = -4*p**3 - 22*p**2 - 187*p - 687. What is u(-4)?
-35
Let c(y) = -10*y**3 + 3*y**2 + 6*y - 79. What is c(4)?
-647
Let h(u) = 3*u**3 + 830*u**2 + 1130*u - 67397. Give h(-275).
-22
Let o(z) = z**3 - 52*z**2 - 191*z - 99. What is o(55)?
-1529
Let d(z) = -5*z**2 + 6022*z + 54316. Calculate d(-9).
-287
Let k(o) = -2*o**2 - 2336*o - 145541. Calculate k(-66).
-77
Let f(o) = 3208*o + 336856. Determine f(-105).
16
Let y(w) = 4*w**2 - 287*w - 17419. What is y(111)?
8
Let y(a) = -8245*a - 494652. What is y(-60)?
48
Let b(o) = 99042*o + 99023. Give b(-1).
-19
Let w(l) = -111*l**2 - 1318*l + 45. Give w(-12).
-123
Let r(p) = -15*p**3 - 78*p**2 + 263*p + 1311. Give r(-6).
165
Let g(r) = -247*r**3 + 15*r**2 + 19*r - 11. What is g(-2)?
1987
Let y(u) = 16403*u - 196839. Determine y(12).
-3
Let z(o) = -o**3 - 340*o**2 - 15901*o + 853. Determine z(-284).
1
Let d(m) = -479*m + 24035. Calculate d(50).
85
Let k(p) = -89*p**2 + 18157*p + 326. Give k(204).
530
Let m(q) = -2*q**3 + 393*q - 99. Determine m(14).
-85
Let s(q) = 403*q + 2121. Give s(-9).
-1506
Let n(c) = -6*c**2 - 147*c - 390. What is n(-22)?
-60
Let r(k) = -24*k**2 - 112*k - 473. What is r(-4)?
-409
Let w(l) =